 - n. Give m(f).
-13
Let t(i) = 7*i**3 - 5*i**2 + 6*i + 13. Let a = -8 + 13. Let y(p) = 3*p**3 - 3*p**2 + 3*p + 6. Let k(m) = a*y(m) - 2*t(m). What is k(4)?
0
Let j(l) = l + 10. Suppose 17 - 2 = -3*a. Calculate j(a).
5
Let b(o) = 2*o + 4. Suppose -45 = 44*d - 39*d. Give b(d).
-14
Suppose -4*p - 40 = 5*z, 3*z + 0*p + 37 = -5*p. Let a(d) = d**3 + 5*d**2 + 7*d + 6. What is a(z)?
-6
Let y be 0 + 0 + 1/(-1). Suppose 0*l = -l. Let q(k) = -3*k**2 - 5 + 6 + 2*k + l. What is q(y)?
-4
Let g(q) = 15*q**2 + 1. Suppose 3*a - 2*l + 2 = -7*l, -4*a + 5*l + 9 = 0. Calculate g(a).
16
Let w(g) = -2*g - 3. Let x be w(-2). Let l = x + 6. Let f(o) = o**2 - 7*o + 4. Calculate f(l).
4
Let o(p) = p**2 - 2. Suppose -2*b + 0*z + 2*z + 2 = 0, 5 = -4*b + z. Determine o(b).
2
Suppose a - 4*u = 5*a + 20, -2*a - 7 = 3*u. Let c(l) = l**3 + 3*l**2 - 3*l. Let t(v) = -4*v**3 - 8*v**2 + 8*v. Let o(n) = a*c(n) - 3*t(n). Give o(-1).
-4
Let n(h) = 5*h**2. Let b be n(1). Suppose -24 = -b*x - 9. Let l(d) = d**2 - 3*d + 1. Calculate l(x).
1
Let p(i) = -2*i + 3. Let x be (2/4)/(-3 + (-69)/(-24)). Calculate p(x).
11
Suppose -z + 10 = 2*s, -3*z - 4*s - s = -25. Let h = 28 - 17. Suppose -4*l - h = r - z, 3*l - r + 17 = 0. Let v(j) = 2*j + 4. Give v(l).
-4
Suppose 3*i + 0 - 6 = 0. Suppose -j + i*t + 3 = 4*t, -9 = 5*j + 2*t. Let w(f) be the second derivative of f**3/3 - 3*f. Calculate w(j).
-6
Let j(o) = 10*o + 21. Let k(v) = -12*v - 5*v + 10*v - 14. Let p(r) = 5*j(r) + 7*k(r). Give p(6).
13
Suppose 9*g = 6*g - 3. Let r(f) = 10*f. Give r(g).
-10
Let i(w) = w**2 + 3*w - 1. Let p = -8 + 4. Let q be (-2)/p + (-28)/8. Give i(q).
-1
Let z = -37 - -33. Let d(p) = -p**2 - 4*p - 5. Calculate d(z).
-5
Let m(z) = 3*z**2 + 2. Suppose -5*x + 2*t + 25 = 7*t, 5*t = 3*x + 9. Let a(j) = -j**2 - 1. Let q(c) = x*a(c) + m(c). Calculate q(1).
1
Let a(k) be the third derivative of -k**4/12 + k**3/6 + 2*k**2. Let s be (-2)/12 + (-26)/(-12). Calculate a(s).
-3
Let k(z) = 2*z + 2*z - 5*z**2 - 5*z + z**3 - 3. Suppose -y + 50 = 4*y. Suppose -4*n + y = -2*n. What is k(n)?
-8
Let b(c) = 18*c**2 + 19*c - 11. Let d(r) = r**2 + r. Let a(k) = -b(k) + 4*d(k). Let w(v) = -v - 5*v**2 - 7*v + 4 + 3*v. Let l(n) = 6*a(n) - 17*w(n). Give l(5).
-2
Let p(z) = z**2 + 4*z - 4. Let f be 0 - 9 - (-6)/2. Calculate p(f).
8
Let o = -1 + 6. Suppose o*q = -0*q. Let f(x) be the third derivative of x**5/60 - x**4/24 + 5*x**3/6 - 2*x**2. What is f(q)?
5
Let b(l) = 2*l**2 + 3*l - 3. Let z(m) = 4*m**2 + 5*m - 10. Let y(r) = 1. Let i(t) = 5*y(t) + z(t). Let q(s) = 11*b(s) - 6*i(s). Calculate q(2).
-5
Suppose 2*b = 5*r + 4, 3 - 5 = -b - r. Let c(f) = 5*f + f**b - 2*f**2 - f. Suppose 4*t - 20 = -4*g, -2*g - t - 4*t + 10 = 0. Calculate c(g).
-5
Let b(m) = -m**3 - 5*m**2 - m - 6. Suppose 0*h + 4*h - 5*c + 13 = 0, -2*c + 29 = -5*h. Let x be ((-50)/35)/(1/h). Suppose -x = s + s. Give b(s).
-1
Let l(g) = g**2 + 6*g - 8. Let d be l(-6). Let z(i) = -i**2 - 7*i + 7. What is z(d)?
-1
Let w(k) = -6*k**2 + 3*k - 1. Let z(a) = a**3 + 10*a**2 + 15*a - 6. Let m be z(-8). Calculate w(m).
-19
Suppose -4*a - 1 = 2*c - 3, -2*a - 4*c = 14. Let m(v) = -a - 2*v + 4*v + v**2 + v**3 - 5*v**2. Give m(3).
-6
Let p(g) be the second derivative of -g**3/6 + 11*g**2/2 + 60*g. Give p(12).
-1
Suppose 5 = -l + 7. Let u(c) be the second derivative of c - 1/20*c**5 + c**3 + 0 + 3/2*c**l - 1/3*c**4. Calculate u(-5).
-2
Let p(z) = z**2 - 6*z + 5. Let a(g) = -g**3 + 16*g**2 - 27*g - 8. Let v be a(14). What is p(v)?
5
Let y(i) = 14 + 2*i - 25 + 11. Calculate y(4).
8
Let n(q) = -7*q - q**3 - 7*q**2 + 10*q - 4 + 5*q. Calculate n(-8).
-4
Let q(v) = v - 3. Suppose g = 3 - 6. Determine q(g).
-6
Let s(z) = -z**2 - 9*z - 9. Let v be s(-7). Suppose 4 = v*b - 3*b. Let f(k) = 4*k**2 - 4*k + 2. What is f(b)?
10
Let s(k) = -k**2 - k + 3. Let o(n) be the second derivative of -n**5/20 + n**4/6 + n**3/6 - 2*n. Let b be o(-1). Let d be (-2 + 5/b)*0. Give s(d).
3
Let t(b) = -9*b**2 - b**2 - 38*b - 1 + 40*b. Suppose -3*d + 17 = -2*j, -d + j = 4*j + 9. Suppose 1 = -d*u + 4. Give t(u).
-9
Let a(j) = j**2 - 4*j - 4. Let h be a(5). Let s(z) = 2 + h - 2*z + z. Suppose 1 = -t - 3. Give s(t).
7
Let n(r) = -6*r + 1. Let g be n(1). Let p = g + 6. Let v(y) = -4 + 5 + 4*y + 0*y. What is v(p)?
5
Let w(s) = s - 11 + 0*s - 9*s + 12. Give w(1).
-7
Let a(q) be the first derivative of -q**4/12 + 2*q**3/3 + q**2/2 - 3*q - 1. Let n(i) be the first derivative of a(i). Determine n(4).
1
Let r(z) be the second derivative of z**4/12 - z**3/6 + 3*z**2/2 - 28*z. What is r(4)?
15
Let k(u) = -u**2 + 5*u - 2. Let t = 26 - 20. Suppose s - 1 = -2*q + t*q, s = -5*q + 10. Give k(s).
-2
Let o(f) = f**3 + 6*f**2 + 6*f + 4. Suppose -6 = 2*g + 4*c, 0 = -0*g + 3*g + 3*c + 12. Calculate o(g).
-1
Let o(p) = p**3 + 2*p**2 + 2*p**2 - 2*p + 37 - 40. What is o(-3)?
12
Let a(t) = 2*t**2 - 2*t - 2. Suppose 5*v + 2*l - 30 = 0, -27 = 2*v - 5*v - 3*l. Suppose -6 = v*c - c. What is a(c)?
10
Suppose 2*z + 17 = 5*d - 0*z, 0 = -d - 3*z. Let q(x) be the first derivative of 1/4*x**4 - 2 - 5*x + 4/3*x**d - x**2. Calculate q(-4).
3
Let d(m) = 5*m + 8. Let r(y) = -4*y - 7. Let w(o) = -5*d(o) - 6*r(o). Suppose 2*j - 5*n - 25 = 0, 0 = 4*j - 4*n - 11 - 9. Calculate w(j).
2
Let p(w) = -w + 1. Let c be p(-1). Let k(x) = 2 - x**3 - x**c - 2*x**2 - 2*x**2 - 3*x. Give k(-3).
-7
Let c = -16 - -20. Let g(b) = -5 - 4*b + 0*b + 1 + 9. Determine g(c).
-11
Let c(d) = d**3 - 6*d**2 + 13*d - 12. Let m(q) = -q**3 + 6*q**2 - 14*q + 13. Let p(u) = 6*c(u) + 5*m(u). Suppose 3 = 4*j - 1, -2*l + 5*j + 5 = 0. What is p(l)?
8
Let x(g) = -3*g - 7. Let w(u) be the third derivative of u**4/24 + u**3/6 - u**2. Suppose -5*l - 11 + 6 = 0. Let r(t) = l*x(t) - 4*w(t). Determine r(5).
-2
Let v(m) = -13*m - 3 - 7*m + 21*m. Suppose 5*p + 0*p + 20 = 5*s, 3*p + 12 = s. Determine v(p).
-7
Let q(t) = t + 1. Let d(g) = g**2 - 5. Let u be d(2). What is q(u)?
0
Let i(m) = -2*m - 11. Let u(g) = -2*g - 10. Let k(l) = 5*i(l) - 6*u(l). Let t be k(-4). Let z(p) = -p**2 - 4*p - 3. Calculate z(t).
0
Let b(j) = -2*j + 5*j + 4*j - 6 - 4*j. Determine b(4).
6
Let a(o) = -2*o**3 + 2*o**2 + o - 1. Let y be (2 - 0)*2/4. Suppose -3 = -2*r - y. Suppose 4*x - 9 = -r. Determine a(x).
-7
Let o = -51 - -45. Let l(v) = -v**2 - 5*v - 8. Calculate l(o).
-14
Let d(o) = -o + 8. Let i = -33 + 40. Calculate d(i).
1
Let n(r) = 4*r - 8*r + 3*r**2 + r**3 - 2 - 4. What is n(-4)?
-6
Let j(v) = -v**2. Let s(u) = 5*u**2 - 2. Let a = -1 - -7. Let q(i) = a*j(i) + s(i). Determine q(-2).
-6
Let n(a) = -a**3 + 13*a**2 - 12*a - 2. Let q be n(12). Let u(w) = -3*w + 2. What is u(q)?
8
Suppose 4*g - 4 = 3*g. Let m(f) = -f - 1. Determine m(g).
-5
Let q(j) = -j + j**3 + 1 + 4*j + 4*j**2 - 2*j. Let v be (-2)/(-12)*1 + 19/(-6). Calculate q(v).
7
Suppose -4*q + 2*a + 5 = 15, 0 = -3*a + 15. Let b(d) = d + 9. Determine b(q).
9
Let x = 10 - 10. Let a(y) be the third derivative of x*y**3 + 0*y**4 - y**2 + 0*y + 0 + 1/20*y**5. Determine a(-1).
3
Let x(c) = -c**2 - 3*c - 3. Let r(g) = -g**2 + g. Let u(n) = n**2 - 2. Let w be u(2). Let o be r(w). Determine x(o).
-1
Let v be (-32)/(-40)*(-70)/(-4). Let u be 14/v*(0 + -1). Let z(g) = -6*g**2 + 7*g - 11. Let q(d) = -3*d**2 + 3*d - 5. Let f(j) = 9*q(j) - 4*z(j). What is f(u)?
-3
Let t(w) = w**3 - w**2 - 5*w + 4. Let y be t(3). Let g(a) = -a**2 + 12*a + 13. Let m be g(13). Let c(k) = 2*k + m*k - y - k. What is c(6)?
-1
Let c be 13/3*6/2. Let l = -13 + c. Let d(o) = -o**3 - o**2 - 7. What is d(l)?
-7
Let r(g) = g**3 + 4*g**2 + 5*g + 5. Suppose 0 = 2*u + 8. Give r(u).
-15
Let n(v) = v**3 - 2*v**2 - 4*v + 4. Suppose 3*w - 3 = -0*w. Suppose 3*r - y = 4*r - 5, 3*r - 5*y + w = 0. What is n(r)?
1
Let p(b) = 6*b + b + 6 - 6*b + 2. Give p(-6).
2
Let m(x) = -x**3 + x**2 + 4*x + 1. Let f = -3 + 3. Suppose -h - 1 = y, 3*y + 12 = -f*y. Calculate m(h).
-5
Let d be (-3)/(-2)*(-2)/(-1). Suppose 2*t - 4*c = 5*t - 29, -t - 3*c = -13. Let i(z) = 8 + t - z - d. Calculate i(5).
7
Let p(s) = -11*s**3 - 1. Let u = 78 - 79. Determine p(u).
10
Let n(o) = -5*o + 14. Let g(k) = -9*k + 27. Let d(p) = 6*g(p) - 11*n(p). Calculate d(-9).
-1
Let a(i) = 11*i**2 + 17*i + 11. Let m(c) = 5*c**2 + 8*c + 5. Let d(q) = -4*a(q) + 9*m(q). Suppose -2*k - 4*o = 2, 3*k + 9 = -2*o - 2. Calculate d(k).
6
Let x(k) be the third derivative of k**6/120 +